e 5*(-12)/(-20) - (-12 + q). Let o(m) = m**3 - 12*m**2 + 11*m - 8. What is o(w)?
-8
Suppose 27 + 115 = 19*j + 313. Let m(a) = 6*a + 53. Determine m(j).
-1
Let f be (-48*(-4)/6)/((-11)/(-66)). Let w = 196 - f. Let q(i) = i**3 - 4*i**2 + 2*i - 4. What is q(w)?
4
Let z = -4984 - -4972. Let t(m) = m**2 + 14*m + 1. What is t(z)?
-23
Suppose -4*i + 10 - 2 = 0. Let q(d) = -1762 + 5*d**2 + 5275 - 1755 - 1756. Calculate q(i).
22
Suppose -3*z - 90 + 87 = -4*h, 2*h - 18 = -4*z. Let x(u) = -2*u**2 + u**3 - 4*u**3 - u**3 - u + 3 + 5*u**3. Determine x(z).
9
Let k(h) = -3*h - 40. Suppose -o + 8 = -w, -o - 4*w - w = 40. Calculate k(o).
-40
Let r be -26 + -60*6/(-24). Let p(f) = -f**2 - 18*f - 17. Give p(r).
60
Let a(n) = -n**2 - 3*n + 1. Let j be 3*1 - (-2 + 2). Suppose 0 = -3*t + j*m + 69, 41 = -5*t + 7*t - m. Suppose 13*b = t*b + 25. Determine a(b).
-9
Let n = -172 + 189. Suppose -14*u = 3*u - n. Let t(x) = 9*x + 2. What is t(u)?
11
Let m(r) = -20*r**2 + 15*r + 3. Let n(g) = 18*g**2 - 14*g - 3. Let w(i) = -6*m(i) - 7*n(i). Calculate w(-2).
-37
Suppose -13*c - 22*c = -350. Let l(z) be the third derivative of z**6/120 - 3*z**5/20 - 5*z**4/12 - 5*z**3/3 - z**2. Determine l(c).
-10
Let g(v) be the first derivative of v**3/3 - 12*v**2 + 146*v - 3637. Determine g(8).
18
Let c(h) = -h**2 - 3*h - 5. Let y(u) = u**2 + 2*u + 4. Let z(g) = 7*c(g) + 6*y(g). Let i be 1 + -14 - -30 - 23. Determine z(i).
7
Let u(c) = -3*c + 5. Let h = -187 - -185. Let p(i) = -14*i + 22. Let y(t) = h*p(t) + 9*u(t). Let j(a) = 2*a + 4. Let x be j(-4). What is y(x)?
-3
Suppose 4*o - 2022 = -19*o - 2160. Let r(b) = b**3 + 2*b**2 - 14*b + 5. Calculate r(o).
-55
Let g(b) = b - 24. Let r be 32 + 30/(-3 + 0). Determine g(r).
-2
Suppose 66*c - 65*c = 0. Let h(j) = c*j - 29 - j + 30 - j. Suppose 5*v - 10 = -5. Determine h(v).
-1
Suppose -5*c + 1665 = 1655. Suppose 0 = 2*u - 6*u - 3*f - 17, 4*u + 2 = c*f. Let g(m) = -m**3 - m**2 - 4*m - 3. Give g(u).
9
Let h(k) = 0*k - 22*k - 4*k**2 - 18 - 45*k + 30*k + 2*k**2. Calculate h(-18).
0
Suppose -12 - 13 = -5*k. Let p(q) = -6*q + k*q**2 + 8*q**3 - 2 - 10*q**3 + q**3 - 4 + 3*q**2. Determine p(7).
1
Let h(b) = 8*b - 81 - b + 2*b**2 - b**2 + 85 + b. Suppose -4*v - 2*q = 30, -2*q = -4*v + 2*q. What is h(v)?
-11
Let c be -21 + 6*187/51. Let x(o) = -31*o. Let u(s) = 78*s. Let v(j) = 5*u(j) + 13*x(j). What is v(c)?
-13
Let r(o) be the third derivative of o**6/120 + 11*o**5/60 + 2*o**4/3 + 26*o**3/3 + 20*o**2 + 29*o. Give r(-10).
-8
Let c(r) = -14*r**2 - 4*r - 49. Let d(k) = -3*k**2 - k - 15. Let t(f) = -2*c(f) + 7*d(f). Calculate t(-3).
53
Let r(f) = 5*f + 13. Let p be (-2 + 0)/((-86)/(-387)). Give r(p).
-32
Let h(g) be the first derivative of -2*g**3/3 - 24*g**2 - 189*g + 4244. Calculate h(-19).
1
Let m(f) = 6*f**2 - 1. Suppose s + 2*k - 169 = 0, 44 = -5*s + 2*k + 841. Let n be s/(-115) - 2/(-5). Calculate m(n).
5
Let z be 2/6*3*5. Suppose 8*b = 12*b. Let u(n) = 5*n - 8*n**2 + 7*n**2 + 0*n - 4 + b*n. Give u(z).
-4
Let v(y) = -12*y - 11860 + 11860. Let z(u) = -5*u - 1. Let b(o) = -4*v(o) + 9*z(o). What is b(8)?
15
Let v(d) be the second derivative of 2/3*d**3 + 0 + 68*d - 3/2*d**2. Let m = 14 - 8. What is v(m)?
21
Let q(f) = -f**3 + 26*f**2 + 7. Suppose -72*i - 523 = -104*i + 309. Determine q(i).
7
Let b be -18 - -32 - (1 + -1 - -4). Let p(f) = -2*f**2 - 6*f + 0*f**2 + b - f**2 + 2*f**2 - 5*f. Give p(-12).
-2
Let v(s) be the first derivative of -s**2/2 - 7*s - 1. Let f = 33 + -188. Let g be (-10)/((-200)/f) - 6/(-8). Give v(g).
0
Let v = 8813 + -8794. Let c(a) = -6*a + 123. Determine c(v).
9
Suppose 5*f - 3 - 7 = 0. Suppose -2*d - 16 = 3*p - d, f*p + 4*d = -14. Let v(q) = q**3 + 6*q**2 + 7*q + 5. Determine v(p).
-5
Let p(m) = -5*m + 2 - 2*m**3 - 3*m - 12670*m**2 + 6341*m**2 + 6339*m**2 - 3. Determine p(6).
-121
Let h(r) be the first derivative of -79 - 1/3*r**3 + r**2 - 2*r. Determine h(3).
-5
Let x(d) = -d**3 - 4*d**2 + 12*d + 30. Suppose 2*o + 5*y + 7 = 37, 2*o + 2*y = 6. Give x(o).
-5
Let g(f) = 10*f**2 + 19*f**2 + 0*f**3 + f**3 - 6*f - 11 - 25*f**2 + 15. Give g(-6).
-32
Let k(x) be the first derivative of -x**3/3 - 17*x**2/2 + 9*x + 4349. Give k(0).
9
Suppose -27*w = -21*w - 36. Let q(a) = -a + 16. Let s(n) = -2*n + 18. Let r(v) = w*q(v) - 5*s(v). What is r(-3)?
-6
Let c = 147 + -139. Let o(f) = 3 - c*f + 2 - 7. Let z(i) = i**2 - 4*i - 9. Let r be z(6). Give o(r).
-26
Let f(a) = 8*a - 63. Let d be f(8). Let l(t) = -2*t + 9 + 9 + 5*t + d. What is l(-8)?
-5
Let r = -359 + 363. Let x(s) be the third derivative of -1/120*s**6 - 2/3*s**3 + 19*s**2 + 0*s + 1/10*s**5 + 1/24*s**r + 0. Give x(6).
2
Let a(j) = -3*j + 13 - 5*j + 7*j. Let z = 1884 + -1867. What is a(z)?
-4
Let z(j) = -6*j - 4. Suppose -1749 = -27*g - 1668. Calculate z(g).
-22
Let t(r) = -r - 1. Suppose 0*n = -4*n + 16. Suppose 61*a - 17*a - 1152 = -52. Let j be (n/5)/(5/a). Determine t(j).
-5
Suppose -2607 + 2627 = -5*v. Let w be (-17)/68*(4 + v). Let i(d) = -d**3 + d**2 - 29. What is i(w)?
-29
Suppose -40*a + 41*a - 5 = 0. Let z(y) = -15*y + 13*y + a + y**2 + 3*y. What is z(-4)?
17
Let v be (230/(-184) + -4*(-2)/16)*-4. Let f(d) = -18*d + 24. Determine f(v).
-30
Suppose 0 = -2*x + 6 - 24. Let l(f) = f**3 + 9*f**2 - 6. Let b be l(x). Let w be (b - 65/(-5))*4/7. Let p(r) = r**2 - 3*r - 1. Determine p(w).
3
Let v(b) be the second derivative of -b**4/12 + 8*b**3/3 + 38*b**2 - 3*b + 96. What is v(19)?
19
Let u(p) be the second derivative of 0*p**3 + 0*p**4 - p - 54 - 17/2*p**2 + 1/20*p**5. Give u(0).
-17
Let p be (-4)/(-6)*(-18)/(-4). Let w(y) = -1 + 1 + 2989*y - 5977*y - 2 + 2987*y. What is w(p)?
-5
Let t(w) = 2*w - 1. Let p be 6/(-10)*(0 + -45). Let q = 15 - p. Let j be (-1 + (-8)/q)*3. What is t(j)?
-3
Let a(s) = -13*s. Let o(q) = -22*q - 10. Let i(w) = -2*a(w) + o(w). What is i(-14)?
-66
Let l(o) = o**2 - 12*o - 2. Let s = -33 + 42. Let f be l(s). Let m = f + 22. Let q(n) = -n**2 - 7*n + 6. Calculate q(m).
6
Let v = 23 + -19. Suppose -6*x - v*x + 90 = 0. Let p(j) = 119*j**2 - j**3 + x*j + 12 + 2*j**3 - 130*j**2. Give p(10).
2
Let d(m) be the first derivative of -m**4/4 - 2*m**3/3 + m**2 - 17*m - 667. What is d(0)?
-17
Let o = 37 - 9. Let m be ((-16)/o)/((-6)/21). Let u(w) = 6*w**2 - 3*w. Calculate u(m).
18
Let b(p) be the second derivative of -p**3/6 - p**2 - 56*p. Let x be (3 - (-1 + 5)) + -2. Let w be ((-1)/3)/(x/18). Calculate b(w).
-4
Suppose -2*t - 244 = -4*z, 2*z - z - t - 62 = 0. Let d = 62 - z. Let l(v) = 3*v. Determine l(d).
6
Let m(d) = 58 + 9*d - 22 - d**3 - 28 - 19*d + 7*d**2. Calculate m(6).
-16
Suppose 23 = -3*z + 22*u - 21*u, 5*z + 4*u + 10 = 0. Let f(o) = -o**3 - 4*o**2 + 9*o - 10. Calculate f(z).
8
Let x(l) = 11*l - 6*l**2 + 8*l**2 - 5785 + 5779. What is x(-10)?
84
Let f(h) = -465*h + 25. Let p(u) = -17*u + 1. Let b(v) = 2*f(v) - 55*p(v). What is b(-4)?
-25
Let y be 3/(-1 - 2)*12/(-4). Suppose -5*h = -4*c - 33, -c - 21 = -y*c - 5*h. Let p(a) be the first derivative of -7*a**2/2 - 2*a + 69. Give p(c).
12
Suppose -6*y + 853 = 3*w - y, -3*w + 3*y + 861 = 0. Let q(r) = w*r - 143*r - 144*r. Give q(1).
-1
Let x(s) = s**2 - s - 5. Suppose -23 = -15*t + 52. Suppose t + 11 = -16*g. Let a be g/3 + (-14)/3. What is x(a)?
25
Let z = 2 - 2. Suppose x = -7 - z. Let j(o) = 3 + 3 - 8*o + 113*o**2 - 317*o**2 - o**3 + 196*o**2. Give j(x).
13
Let q(m) = -m**3 + 13*m**2 - 23*m + 10. Suppose 4*s + 36*y - 32*y = 44, 0 = 4*s - y - 44. Give q(s).
-1
Let d(l) = 3*l**3 - 61*l**2 + 22*l - 38. Let i be d(20). Let n(m) = 2*m - 8*m + 3*m - i*m**2 - m. Give n(-5).
-30
Let k(t) = -65*t - 48. Suppose 67*q - 16*q = -40 - 11. Give k(q).
17
Let x(j) = -14 - 15 + 111*j - 10 - 104*j. Determine x(19).
94
Let g(q) = 2*q + 15. Let f(i) = -i**3 + 21*i**2 - 93*i + 33. Let x be f(6). Give g(x).
45
Let h(p) = p**2 - p + 8. Let d be (-76 - -68)*(-2 + 0 - -1). Calculate h(d).
64
Let b(s) = -391*s + 3908. Let i be b(10). Let j(z) = 22*z + 35. Give j(i).
-9
Let k(g) be the third derivative of -5*g**4/12 - 13*g**3/3 + 2*g**2 - 118*g. Calculate k(-3).
4
Suppose 2460 + 180 = 176*q. Let f(w) = -w + 32. What is f(q)?
17
Let b(w) = w**2 + 2*w - 16. Suppose 4*x - 5*z = 27, 2 + 5 = -x + 4*z. Let n(u) = -2*u**2 - 3*u + 35. Let y(q) = x*b(q) + 6*n(q). What is y(-10)?
22
Let r(j) = 8*j**2 - 55*j + 96. Let n be r(3). Let b(p) = 9*p - 3. Calcu